uppose 3*n - 5*n = -10. Suppose 3*a = 4*d - 25, -3*d - 2*d + n*a + 35 = 0. Suppose 0 = -d*o + o + 51. What is the units digit of o?
7
What is the hundreds digit of 6/(18/(-984)*-2)?
1
Let v(f) be the first derivative of -5*f**2 - 12*f + 10. What is the units digit of v(-9)?
8
Let x(k) = 21*k**2 + 2*k - 2. Let q be x(1). What is the tens digit of 2 + (20/7 + -2)*q?
2
Let b = -72 + 558. What is the hundreds digit of b?
4
Let k = 42 + -26. Suppose i = -2*s + 14, -5*s + 0*s + 10 = 0. Suppose -3*t = -d + k, 2*t = 7*t + i. What is the units digit of d?
0
What is the units digit of 2/(-2)*(-869 + 0)?
9
Suppose -204 = -2*v - 4*v. Suppose -180 = v*u - 37*u. What is the tens digit of u?
6
Suppose 47*l = 44*l + 2526. What is the hundreds digit of l?
8
What is the units digit of 4/38 + 53426/19 + -6?
6
Suppose -s = 3*p + 2, -s + 0 = 2*p + 3. Let r be p/((-3)/(-9)) - -7. What is the tens digit of (116/5)/(r/25)?
5
Let q = 238 - 92. What is the units digit of q?
6
Suppose -t = 3*t. Suppose -4*r + 548 = -t*a + 2*a, 3*a = -5*r + 687. Let j = -92 + r. What is the tens digit of j?
4
Suppose 37*y = 32*y - 5. What is the units digit of (-90)/25*(y + (1 - 10))?
6
Suppose 5*l = p + p - 579, 0 = 3*p - 5*l - 876. Let a = p + -71. What is the units digit of a?
6
Let g be -6*(-2)/((-272)/(-124) + -2). What is the hundreds digit of (-1183)/(-4) - (-8 - g/(-8))?
2
Suppose 5*t - z = -359 - 49, 2*z = -3*t - 250. Let n = -9 - t. What is the tens digit of n?
7
Let a = -571 + 1229. What is the hundreds digit of a?
6
What is the hundreds digit of 9597/(-15)*-1 + 1/5?
6
Suppose 0 = -92*y + 72*y + 13720. What is the hundreds digit of y?
6
Let n(x) = -x**3 + 4*x**2 + 8*x - 2. Let b be n(6). Let t = b - -3. Let j = -16 - t. What is the units digit of j?
7
Let l(s) = 35*s**2 - 11*s - 43. What is the units digit of l(-6)?
3
Suppose 0 = 3*i + 5*k + 7, 4*k + 5 + 3 = 0. Suppose -p = i - 70. What is the tens digit of p?
6
Let p = 331 + 200. What is the hundreds digit of (-2)/10 + 1/5*p?
1
Suppose o - 2*r = -o + 204, 4*o = r + 411. Suppose -258 = -3*n + 2*j, o = -3*n + 4*n + 5*j. What is the units digit of n?
8
Let y(a) = a + 1 - 2 - 6 + 6. Let l(b) = 8*b - 2. Let n(x) = -l(x) + 2*y(x). What is the units digit of n(-1)?
6
Suppose 2*r = 3*u - 3*r - 22, 4*u = r + 18. Suppose h - u*h = 0. Suppose 4*j + 4*q - 36 = h, 3 = -5*j + 3*q + 80. What is the units digit of j?
3
Let m(y) = -12*y**3 + 2*y**2 - y. Let f be m(1). Let t be (-1)/1 + 16 + f. Suppose -t*q + 1 = -3. What is the units digit of q?
1
Let d(k) = k**3 + 4*k**2. Let o be d(5). Let i = o - 157. Suppose -4*v + 8*v = i. What is the units digit of v?
7
Let c(t) = -17*t**3 - 69*t**2 + 3*t - 3. What is the tens digit of c(-5)?
8
Suppose 10 = 5*l - 30. Suppose -s + l - 1 = 0. Suppose 0 = -s*w + 4*w + 3. What is the units digit of w?
1
Suppose 0 = -4*b + 3*v + 53 + 118, 0 = -3*b + v + 132. Let o = 83 - b. What is the tens digit of o?
3
Suppose -u + 2 - 3 = 0. Let z = 3 - u. Suppose 3*t - 3*r - 42 = 0, 4*t - z*r - r - 57 = 0. What is the tens digit of t?
1
Suppose -2*o = o - 9. Let f be o - 2*(-292)/8. Suppose 4*a = -0*a + f. What is the tens digit of a?
1
Let v(w) = -16*w - 9. Let s(f) = 31*f + 19. Let k(c) = -3*s(c) - 5*v(c). What is the tens digit of k(-6)?
6
Suppose -5*u - 30 = 5*r, 2*u = 2*r + 2*r - 6. Let d = u + 9. Suppose 0*q = -d*j + 3*q + 97, 0 = -2*j - 3*q + 53. What is the units digit of j?
5
Suppose -5 = -y + 24. Suppose -4 = c + 5*n + 3, -4*n - y = -c. What is the tens digit of c/(-26) + (-118)/(-4)?
2
Let o(y) = 99*y**3 - 2*y + 2. Let m be (-1)/2*2*-1. Let t be o(m). Let x = t - 61. What is the tens digit of x?
3
Let k be 4*(2 - 0) + 0. Let j(q) = 3*q - 12. Let v be j(k). What is the units digit of (8/v)/((-2)/(-51))?
7
Suppose 0*w + 3*w - 12 = 0. Suppose -d - 295 = -4*x, -3*d + 11 = -w. What is the tens digit of x?
7
Let k(t) be the first derivative of t**2 + t + 2. Let f = -22 + 27. What is the units digit of k(f)?
1
Let t(w) = -w - 5. Let p be t(4). Let a = 13 + p. Suppose h - f = 40, -a*h - 4*f = -117 - 43. What is the tens digit of h?
4
Let n(o) = -28*o + 4. Let a(i) = -i**2 - 10*i - 11. Let w be a(-9). Let s be n(w). Suppose 0 = 5*v - 75 - s. What is the tens digit of v?
2
Suppose 141 = y - 420. What is the tens digit of y?
6
Let b(y) = -y**2 - 31*y - 163. Let u be b(-24). Suppose -5*o + 182 = -3*o. Suppose -u*c = -59 - o. What is the tens digit of c?
3
Let c(a) = -16*a - 9. Let s be 0 - (253/44 + 1/4). What is the units digit of c(s)?
7
Let x(m) = 7*m - 14. Let r be x(6). Suppose -10*a - r = -6*a. Let h(f) = -f**3 - 8*f**2 - 16*f + 1. What is the units digit of h(a)?
4
Suppose -k - 4*v = -7*v - 14, 5 = -5*v. Suppose -k*p - 245 = -1312. What is the tens digit of p?
9
Let y(s) = 10*s**3 + s - 1. Let m be y(1). Suppose 0 = 5*f + m, 4*x + 5*f + 20 = 9*x. Suppose -7*h = -x*h - 60. What is the tens digit of h?
1
Suppose -3*o - 2*o + 3555 = 0. Suppose -3*a - o = -3*j, 6*j - 2*j - a = 933. What is the tens digit of j?
3
Suppose -12 = -4*s + 4. Let w(y) = 2*y**2 + 11*y - 104. Let o be w(9). Suppose 39 + o = s*j. What is the tens digit of j?
4
What is the tens digit of 238 + 18 - -3*(1 - 0)?
5
Let u be 1011/9 + -1 + 10/6. Suppose 7*q - u = 6*q. What is the units digit of q?
3
Let p = 42 - 34. Let k(s) = s - 8. Let a be k(p). Suppose -7*f = -a*f - 63. What is the units digit of f?
9
Let r(n) = -n**3 - 28*n**2 + 30*n - 60. What is the tens digit of r(-30)?
4
Let p = -5 + 8. Suppose p*c + 45 = -2*c. Let g(y) = -y**3 - 8*y**2 + 7*y. What is the units digit of g(c)?
8
Let k(l) = -2*l**3 - 2*l + 0*l**2 - l - l**3 - 2*l**2. What is the tens digit of k(-2)?
2
Let p = 214 - 139. Let d = -1 + p. What is the tens digit of d?
7
Suppose -8*y + 7*y = 0. Suppose -5*l = -0*l - 4*s - 92, -4*l = 3*s - 86. Suppose y*r + r - l = 0. What is the units digit of r?
0
Let d(z) = -z**3 - 27*z**2 + 4. Let v be d(-27). What is the units digit of v*((-101)/(-2) + 4)?
8
Suppose -6*i + 19 = -11. Suppose i*p + 2*p - 35 = 0. Suppose p*r = -2*k + 116, 4 - 22 = -r - 3*k. What is the tens digit of r?
2
Let j(b) = -12*b - 5. Let q(m) = 1. Let d(w) = -j(w) - 4*q(w). Suppose 0 = -5*f - 1 + 6. What is the tens digit of d(f)?
1
Let v(k) = -6*k + 19. Suppose -26 = -3*c - 8. Let w be v(c). Let o = w - -23. What is the units digit of o?
6
Suppose 5*p + 13 = -4*i, -i - 4*i = -5*p - 40. Suppose 0 = -q + h + 15, -5*q = -i*q + 5*h - 51. What is the units digit of q?
8
Suppose -c - 4*h + 17 = -2*c, -c + 8 = h. Let j be 42*4/c*2. Let d = j + -65. What is the tens digit of d?
4
Let c(l) = -2*l - 4. Let z be c(-3). Suppose 5*t = z*t + 6. Suppose -5*q + 95 = 5*y, -t*q - 6*y = -y - 41. What is the tens digit of q?
1
Let j(u) = 4*u + 3. Let i be j(-1). Let y be (-88)/(-28) - i/(-7). Suppose y*t - 3*c = 126, 0*t - 111 = -3*t - 2*c. What is the units digit of t?
9
Let w(d) = 67*d**2 + 11*d + 18. What is the hundreds digit of w(6)?
4
Let g(w) = 3*w. Let p be g(-3). Let y be 6*((-24)/p + -3). What is the units digit of (-65)/(-5) - y/(-2)?
2
Let z = -79 - -143. What is the units digit of z?
4
Let n(b) = -23*b**3 + 2*b + 2. Suppose 0 = 5*a + 7 - 2. What is the tens digit of n(a)?
2
Let m = -238 - -2. Let l = -112 - m. What is the units digit of l?
4
Suppose -5*c + 4793 = -z, 3*c - 2*z - 1403 - 1477 = 0. What is the hundreds digit of c?
9
Let t(u) = -24*u - 70. What is the hundreds digit of t(-16)?
3
What is the tens digit of (21/(-12))/((-3)/(-132))*-3?
3
Let n = -18 + 527. What is the tens digit of n?
0
Let w = -28 + 55. Let a = w + -18. Suppose -a*f = -7*f - 62. What is the tens digit of f?
3
Suppose -2*o - 14 = -3*a, 4*o + 3 + 1 = 3*a. Let l be a/18*(-18)/(-4). Suppose -l = 3*q - 32. What is the units digit of q?
0
Let r(v) = 9*v + 271. What is the tens digit of r(-19)?
0
Let x = 8878 + -6290. What is the hundreds digit of x?
5
Suppose 5*u = 2*b + 8, b - 3*b - 3*u = 8. Let y be (1 - (8 + b)) + 31. Let z = y - 26. What is the units digit of z?
2
Suppose -y = -7 + 2, 0 = r - 2*y - 29. Let p(t) = 3*t**2 + 2*t - 4. Let j be p(-3). Let f = r + j. What is the tens digit of f?
5
Let u(r) = -12*r - 13. Suppose -h - 20 = h. Let x be u(h). Suppose -3*d = 3*p - 117, -2*d + x = d + p. What is the tens digit of d?
3
Let l be 16/(-2) + (-12)/4. Let h = 13 + l. Suppose 0 = 2*j + h, 23 = 2*v - 5